actors of c(f)?
2, 13
Let d be (12 + 0 + -3)*532. Suppose d = 7*v + 5*v. What are the prime factors of v?
3, 7, 19
Let k(h) = -h**3 + 4*h**2 - 7*h + 6. Let b be k(-11). Suppose -8*u - 5*u + b = 0. What are the prime factors of u*(0/(-3) + (3 - 2))?
2, 73
Let i(g) = 212*g + 4. Let c be (-1*10)/(-2)*(-2)/(-5). List the prime factors of i(c).
2, 107
Let k(d) = 323*d - 212. What are the prime factors of k(17)?
5279
Let h(s) = 44*s**2 + 3*s + 17. Let k be h(5). Suppose 0 = 3*m + 4*p - k, -3*m - p + 132 + 997 = 0. List the prime factors of m.
2, 47
What are the prime factors of 8/(-5) - ((-4058036)/85 - 7)?
7, 19, 359
Let r(q) = -2*q**2 + 124*q + 18. Let n be r(34). Let l = n + -484. What are the prime factors of l?
2, 719
Let a = -14 - 81. Let p = -91 - a. Suppose p*y = -2*q - 2*q + 548, 0 = -3*q - 5*y + 405. What are the prime factors of q?
2, 5, 7
What are the prime factors of 10647/(-12)*(-22 + 18)?
3, 7, 13
Let n(q) be the third derivative of -73*q**4/24 - 14*q**3/3 + q**2 + 54. List the prime factors of n(-3).
191
Let m = 19 + 6502. What are the prime factors of m?
6521
Let m(p) = 2*p**3 + 9*p**2 - 9*p - 4. Let a(x) = -2*x**2 + 1. Let l(v) = 5*a(v) + m(v). List the prime factors of l(6).
7
Let o(u) = u + 1. Let y(l) = 13. Let d(b) = -6*o(b) - y(b). Let h be d(-4). List the prime factors of 152/h - 4/10.
2, 3, 5
Let s(p) = -3808*p + 3186. List the prime factors of s(-21).
2, 3, 13859
Let i be ((-12)/(-10))/((-2)/(-10)). Suppose -4*p - 3*g = -309, -312*p + 5*g + 109 = -310*p. Suppose -i*j = -408 - p. What are the prime factors of j?
2, 5
Let y(a) = a**3 + 5*a**2 + 7. Let w(g) = 2*g - 5. Let s be w(0). Let k be y(s). Suppose -z = k*z - 736. List the prime factors of z.
2, 23
Let h(u) = -u**3 - 32*u**2 + 21*u - 58. Let g be h(-33). Suppose -g*p + 341*p = 3411. List the prime factors of p.
3, 379
Let h(q) = 15723*q**2 - 158*q - 32. What are the prime factors of h(2)?
2, 3, 1303
Let p = 25202 + -11297. What are the prime factors of p?
3, 5, 103
Suppose -3*i + 6 = 0, 5*o - 3*i = -3 - 3. Suppose 0 = 2*p + 2*f - 2, o = -3*p + 5*f + 11 + 8. Suppose -p*j = -199 - 590. What are the prime factors of j?
263
What are the prime factors of (-70)/(-63) + 2436202/153?
2, 3, 1327
Let n(p) = 4*p - 140. Let v be n(35). Suppose v = -2*g - 3*q + 452, -g - q + 160 = -66. What are the prime factors of g?
2, 113
Let m(k) = k**3 + 33*k**2 + 16*k - 52. Suppose 7*c + 93 = -131. List the prime factors of m(c).
2, 5, 23
Let f(h) = 36 + 3 + h + 0*h + 12. Let x = 56 - 56. List the prime factors of f(x).
3, 17
Let b(l) = -l**3 - 18*l**2 + 77*l - 19. Let r be b(-22). List the prime factors of 8/(-216)*-6 - r/(-9).
5
Let n = 97 + 209. Let s = 464 - n. What are the prime factors of s?
2, 79
Let v = -45 - -63. List the prime factors of 4/v + 42199/171.
13, 19
Suppose 0 = -3*g + 4*v - 11, 2*v = 5*g + 4*v - 25. Suppose -524 = -2*h + b, 82 + 717 = g*h + 5*b. List the prime factors of h.
263
Suppose 5*w = z + 98, 5*w - 92 = -4*z - 9. Suppose w = r + 15. Suppose 2*f = r*i + 68, -i = -0*i + 5. What are the prime factors of f?
2, 3
Let b = 12472 + -5359. What are the prime factors of b?
3, 2371
List the prime factors of (-282)/564*5527*-2.
5527
Let d = 32 + -19. Suppose -4*r + 7*r = -2*s + d, -3*s + 2*r = 0. Suppose -2 = -u + s. List the prime factors of u.
2
Suppose 2946 + 684 = 15*k. Let a = k + -138. List the prime factors of a.
2, 13
Let z = -47 + 45. What are the prime factors of ((-2)/z*-2)/((-22)/5115)?
3, 5, 31
Let u(f) = f**3 - 17*f**2 + 34*f - 20. Let g be u(19). Let i = -243 + g. What are the prime factors of i?
5, 13, 17
Let h = 264 - 130. Suppose -3*x = -5*r + 183, -4*x + r + h = 378. Let a = 124 + x. What are the prime factors of a?
3, 7
Let u(q) = -q**3 + 7*q**2 + 11*q + 2. Let y be u(9). Let x = 1 + y. List the prime factors of (-1)/(-5) - 3708/x.
2, 31
Suppose 5*w - 3*a = -329 + 72, 4*w + 204 = 4*a. Let b(v) = v**3 - 4*v**2 - 3*v - 3. Let t be b(4). List the prime factors of w*3*(14 + t).
2, 3, 13
Let r be (-3 + 5)/6*597. Suppose 6*p - 191 = r. List the prime factors of p.
5, 13
Let x be ((3 + -3)/6)/(-1). Suppose 3*l - 1493 = -4*t + 2054, -5*t + 5 = x. List the prime factors of l.
1181
Suppose -4 = -6*u - 40. Let v(y) = 42*y - 20. Let a be v(u). Let d = a + 383. What are the prime factors of d?
3, 37
Suppose -2*z = -0*z - 4*g - 1842, -4*g - 4 = 0. Suppose -z = -23*o + 852. List the prime factors of o.
7, 11
List the prime factors of ((-2)/18*(-3 - 0))/(103/11098971).
3, 13, 307
Let g(f) = f + 7. Let b be g(-4). Let v be -4 + 15/5 + b. Suppose t + 4*s = -t + 102, 2*s + 96 = v*t. List the prime factors of t.
7
Let r be 1*(2 - -3) - (7 - 7). Suppose r*k - f = 14, f = 5*f + 16. Suppose -5*n + k*i + 829 = 0, 2*n - 3*i = 6*n - 677. List the prime factors of n.
167
Let r be -17*(0 + -1) - (4 - 3). Let u(z) = -z**3 + 17*z**2 + 19*z. What are the prime factors of u(r)?
2, 5, 7
Let z = 23 - 20. Suppose 0*c - 24 = -z*c. List the prime factors of c.
2
Let b = 19 - 17. Suppose 0 = -b*d - 4*j + 454, -8*j + 10*j - 460 = -2*d. List the prime factors of d.
233
List the prime factors of ((-1)/(-4))/((-980)/(-140) + (-23883)/3412).
853
Let j = -9682 - -14925. What are the prime factors of j?
7, 107
Let r = 2310 - -5359. What are the prime factors of r?
7669
Let l = -31 - -37. Suppose -l*x = -2*x - 308. What are the prime factors of 3*8*x/28?
2, 3, 11
Let m = -75 + 9630. What are the prime factors of m?
3, 5, 7, 13
Suppose 789 = 50*n - 53*n. Let d = n - -887. Suppose 21*o + d = 23*o. What are the prime factors of o?
2, 3, 13
Let y be 4 + (-2 - -1 - -27). Let c = 47 - y. Suppose -3*x + c = -103. List the prime factors of x.
2, 5
Suppose -7*g = -5*a - 2*g + 5225, -2*g + 3135 = 3*a. Suppose -6*x - a = 599. Let z = x - -503. List the prime factors of z.
229
Suppose -5*h = p - 711, -5*h + 712 = 8*p - 6*p. Let g = 410 - h. List the prime factors of g.
2, 67
Let s = 38474 + -21127. What are the prime factors of s?
11, 19, 83
Let f = -1407 + 13068. What are the prime factors of f?
3, 13, 23
Let u(h) be the second derivative of -17*h**6/720 + 19*h**5/120 + h**4 - 25*h. Let j(b) be the third derivative of u(b). List the prime factors of j(-9).
2, 43
List the prime factors of (-2)/(-1*1)*(1683 + 427).
2, 5, 211
Let g = -97348 - -181675. What are the prime factors of g?
3, 28109
Suppose 0 = 16*u - 21*u + 6545. Suppose -4*w + 1175 + u = 0. List the prime factors of w.
3, 23
Let h(r) = 23*r**2 + 2*r - 4. Let b(m) = m**3 + 6*m**2 + m + 8. Let i be b(-6). List the prime factors of h(i).
2, 23
Let i be ((-2)/5)/(((-36)/(-150))/(-3)). Suppose -i*t + 5*l = -3105, 3*t = 2*t - 3*l + 613. What are the prime factors of t?
619
Let q = 139 - 131. What are the prime factors of (-10)/(-160)*12 - (-5938)/q?
743
What are the prime factors of (-28827)/(-12)*-1*(-16)/3?
2, 3203
Let w = 372 - 38. What are the prime factors of w?
2, 167
Let w(f) = 300*f**2 + 32*f - 152. List the prime factors of w(6).
2, 5, 271
Suppose -25*o + 20676 = -27674. What are the prime factors of o?
2, 967
Let m = 20 - 32. Let y be (-4)/16 - 3/m. Suppose -2*z - d + 150 = 0, 3*z + d = -y*d + 227. List the prime factors of z.
7, 11
Let h = 84 - 94. List the prime factors of 6/h*(-3870)/6.
3, 43
Let z be 14*-109*9/18. Let s = z - -1382. What are the prime factors of s?
619
Let s be (-4)/(-10) - ((-104)/(-40))/(-1). Suppose -3436 = -5*i - 44*m + 47*m, 0 = -4*i + s*m + 2750. What are the prime factors of i?
2, 7
Let h be (3 + -7 + -1)*(-6)/15. Suppose o = -13*c + 11*c + 383, 2*c = h*o - 790. List the prime factors of o.
17, 23
Suppose 34*z + 42824 = 1198960. What are the prime factors of z?
2, 8501
Let s(h) = 3*h**3 - 10*h**2 + 3*h + 11. Let o be 4/(-3) - 48/(-9). What are the prime factors of s(o)?
5, 11
Let m(r) = -2*r**2 + 6*r + 2. Let w be m(3). Let t(y) = 15*y - 1. Let i be t(w). Suppose -i*d = -31*d + 152. List the prime factors of d.
2, 19
Let g(l) = -l - 1. Let f be g(-4). Suppose 3*x + 3 = 2*m - f*m, -4*x - 3*m + 1 = 0. Let a(w) = w**2 - 6*w. What are the prime factors of a(x)?
2
Let r = 14798 + -7429. List the prime factors of r.
7369
Suppose -v + 4*o = -4*v + 17180, 4*o - 22904 = -4*v. Suppose -6*x + v = 1212. What are the prime factors of x?
2, 47
Suppose -16*s + 2*s = 196. List the prime factors of (-4156)/s - (-37)/259.
3, 11
Let a(p